728 = -m*y. Calculate the greatest common factor of 26 and y.
13
Let i(m) = m**2 - 11*m - 60. Let v be i(-12). Suppose 5*g = -5*f + 1976 - v, 0 = -2*f + g + 701. Calculate the highest common divisor of f and 13.
13
Let o(w) = w**2 + 39*w - 250. Let r be o(6). What is the greatest common divisor of 3295 and r?
5
Let u be 180/100*((-100)/(-6) - 0). Suppose -20*x + u*x - 320 = 0. What is the highest common factor of x and 192?
32
Suppose -3*m = 2*a - 1026 - 83, 2*a + 1460 = 4*m. Let k = -171 + m. What is the greatest common factor of k and 49?
49
Let y(f) = f**3 - 8*f**2 + f + 13. Let m be y(13). Let s = 874 - m. Let r be (1 + -1 + 1)*3. Calculate the highest common divisor of r and s.
3
Suppose 0 = 17*h - 2151 - 3527. Suppose 3*j - h = -2*a, -18*j + 21*j - 335 = -a. What is the greatest common divisor of j and 14?
14
Let q be -3*(-12)/27*9/3*11. Calculate the greatest common divisor of q and 156.
4
Let k be 119/3 - 4/6. Let v = -5307 - -5411. What is the greatest common factor of v and k?
13
Suppose -z + 2*y = -3, 5*z - 5*y + 6*y = 15. Let c = 454 + -194. Suppose 12*w = 64 + c. Calculate the greatest common factor of w and z.
3
Suppose 69*s - 6369 = 2358 + 4797. What is the highest common divisor of 228 and s?
4
Suppose -6*j - 2 = -2. Suppose 4*k + 31 + 5 = j. Let y = 43 + k. Calculate the greatest common factor of 136 and y.
34
Suppose -4*s + 172 = 20. Suppose 11*y - 7448 = 10*y. Suppose -13*n - 15*n = -y. Calculate the highest common factor of n and s.
38
Suppose -3628 = -88*h + 86*h + 5*k, 3*k - 7282 = -4*h. What is the greatest common factor of 321 and h?
107
Let y be (-20)/(-35) - (-27)/63. Calculate the highest common factor of 16 and y.
1
Let q = 372 + -320. Let k(p) = -p**2 - 6*p + 2. Let a be k(-5). Suppose 40 = a*c - 51. What is the greatest common factor of q and c?
13
Let x be 74/(-16 - -18) - (9 + 1). Calculate the greatest common divisor of x and 7173.
9
Suppose 262 = 5*w + 87. Let c(z) = -2*z**3 - 65*z**2 + 37*z + 147. Let d be c(-33). Calculate the highest common divisor of w and d.
5
Let h be 108/270*25/2 - -483. Calculate the greatest common factor of h and 11956.
244
Suppose 8*l = 3*l + 760. Suppose 33 = -11*g + 242. Calculate the greatest common factor of l and g.
19
Suppose -72*k + 11039 = -33*k - 20*k. What is the greatest common factor of 175 and k?
7
Suppose 5*a - 101 = -z, -3*z + z - a = -166. Let o(b) = -5*b + 79. Let d be o(5). Calculate the highest common factor of z and d.
27
Suppose -121 + 30 = -4*q + 133. What is the highest common divisor of 6566 and q?
14
Let x = -277 + 403. Let j(o) = 8*o - 18. Let q be j(9). What is the greatest common factor of x and q?
18
Suppose 256*y - 2864 = -223 + 3503. Calculate the highest common divisor of 3804 and y.
12
Let u be (-240)/(-8) - 0/2. Let k = u - 12. Suppose j + 3*d = 59 - k, 5*d = 2*j - 71. Calculate the greatest common factor of 57 and j.
19
Suppose -5*n = -232*a + 227*a - 90, -10 = 5*n + 5*a. Suppose -r - 2 = r. Let b be 7/3 - r/(-3). Calculate the greatest common divisor of n and b.
2
Suppose 36*m - 83743 = -44*m + 25297. Let z = -76 + 123. Calculate the greatest common divisor of m and z.
47
Let b(o) = o**3 + 100*o**2 - 4*o - 358. Let a be b(-100). What is the highest common divisor of 3682 and a?
14
Let r be (-2)/(-21) + 328/84. Let s(y) = 53*y - 20. Let i be s(r). Suppose 5*h - i = 258. Calculate the highest common factor of h and 10.
10
Let s(t) = -55*t + 308. Let q be s(-19). What is the greatest common divisor of 861 and q?
123
Let m = -9986 + 14104. Calculate the greatest common factor of m and 116.
58
Let v(s) = -140*s + 3. Let h be v(-5). Let p = 4238 - 1531. Suppose 10*c = h + p. Calculate the greatest common factor of 31 and c.
31
Suppose -2*l + 52*k = 57*k - 86, 4*k + 43 = l. Let f(t) = 194*t - 1. Let s be f(2). What is the highest common factor of l and s?
43
Suppose -33*s + 132*s = 19800. Calculate the highest common divisor of s and 8.
8
Let n be 192/40 - 5 - (-84)/20. Suppose 2*a - n*r - 80 = 0, 7*r = 3*r - 16. Calculate the highest common divisor of 192 and a.
32
Let w be (((-11440)/78)/(-22))/((-4)/(-18)). Calculate the highest common factor of w and 4470.
30
Let q(s) = 81*s**2 - 18*s + 1. Let n be q(1). Let p be n/10 + 2/(-5) - -28. Calculate the greatest common divisor of 34 and p.
34
Suppose 12*w = 9*w + 4*f + 12, f - 20 = -5*w. What is the greatest common factor of 4 and w?
4
Let o be ((-424)/(-6))/(6/9). Let q = o - 106. Suppose 2*x = -5*l + 31, -2*l + x = -q*l - 7. What is the highest common divisor of 20 and l?
5
Let m = 11 - 2. Let v be (6/(-15)*134)/(20/(-50)). Let g = v - 35. What is the highest common factor of m and g?
9
Let l(g) = 10*g**3 + g**2 + 126. Let y be (-2)/(-2)*(-8 - -8). Let r be l(y). Calculate the highest common factor of r and 294.
42
Let p be (-1 + 7)/(2/9). Let f be 25/((-1750)/(-315))*42. What is the greatest common factor of p and f?
27
Let s = 384 - 293. Suppose 95*j - s*j - 32 = 0. Let u = 5 - 3. What is the highest common factor of u and j?
2
Suppose 134 = 13*t - 1972. Suppose -5*d - 62 + t = 0. Calculate the highest common factor of 340 and d.
20
Suppose -2*y = -3*i + y + 48, -2*y - 89 = -5*i. Suppose 182 + 96 = n. Let m = -69 + n. What is the greatest common factor of i and m?
19
Let q be ((-6)/(-4))/3*118. Let b(k) = k**2 + 37*k + 293. Let x be b(-17). Let f = q + x. Calculate the highest common factor of 12 and f.
12
Suppose -2*r - 126*f + 129*f = -99, 0 = -4*r - 5*f + 121. Calculate the highest common divisor of 299 and r.
13
Let f be 1 + 4/(-1) + 80/16. Suppose 13 + 4 = b + 4*a, f*b = -a + 48. Let h be (-65)/b + 3 + 3/5. What is the greatest common divisor of 11 and h?
1
Let w be 0 - -3 - 190*37/(-370). Suppose p - 47 = 2. Let b = p + 149. Calculate the highest common factor of b and w.
22
Let t(y) = 2*y**2 + 48*y + 414. Let w be t(-15). Calculate the highest common divisor of 28584 and w.
72
Suppose -6*g + 9*g = 3*l - 5022, 0 = -l + 5*g + 1674. Let w be (-8)/((-240)/l) - 1/(-5). What is the greatest common divisor of 21 and w?
7
Suppose -3*i = -2*x + 42, -3 = x - 2*i - 23. Let v be 30/(3/(-15) - (-11)/5). What is the greatest common divisor of x and v?
3
Let d(w) = -w**2 - 12*w - 14. Suppose -4*s + 60 - 324 = 0. Let x = s - -58. Let j be d(x). Calculate the highest common divisor of 6 and j.
6
Let h be (-2)/(5 - (-119)/(-21)). Suppose -h*a = -d + 138, -d + 3*d - 258 = -3*a. What is the highest common divisor of d and 12?
12
Let x = 258 - 198. Let m be (x/(-4))/((-7)/133). Calculate the greatest common factor of 114 and m.
57
Suppose -4*z + 28 = 0, -13*l - 1443 = -17*l - 5*z. What is the highest common divisor of l and 40?
8
Let p = 221 - 259. Let x be (-37)/13 + p/247 + 291. What is the greatest common divisor of 9 and x?
9
Let o = -9034 - -9062. Suppose -2*y = k - 452, 6*y - 3*y - 902 = -2*k. What is the highest common divisor of k and o?
28
Suppose 0 = -48*a - 561 + 1857. What is the greatest common divisor of 16875 and a?
27
Suppose -11230 - 11522 = -474*l. Let p be (-45 - -1)*2*-2. Calculate the highest common factor of l and p.
16
Suppose 37*y - 40*y = -5*g - 183, 0 = -y - 4*g + 44. Suppose -2 = f, 0 = -4*r + f + 3069 - 603. What is the highest common divisor of y and r?
56
Suppose j + 2 = 0, -2*b + 14 = j + j. Suppose -8 = -b*w + 19. Calculate the highest common factor of w and 3.
3
Suppose -3*x + 84 = r - 41, x = 5*r + 15. Let q be (-1 + 0)/((-1)/(-43)). Let v = 143 + q. What is the highest common factor of v and x?
20
Suppose 0 = -4053*z + 4075*z - 24794. Calculate the highest common divisor of 77 and z.
7
Let o(g) = -5*g + 31. Let b = -48 + 42. Let j be o(b). Let d = -35 + j. What is the highest common divisor of d and 26?
26
Let r(u) = -u**3 - 7*u**2 + 2*u - 8. Let h be r(-7). Let d = 82 + h. Let y = d + -45. What is the greatest common factor of y and 30?
15
Let a be (4 - -8)*800/30. What is the highest common factor of 704 and a?
64
Let i(l) = -4*l + 127. Let k be i(19). Suppose 786 = 31*y - k. Calculate the greatest common factor of 117 and y.
9
Suppose 0 = -11*k + 6*k + 15. Suppose 3*l + k*u - 8*u - 348 = 0, -207 = -2*l - 5*u. What is the greatest common divisor of 74 and l?
37
Let b(g) = g**2 + 96*g + 1680. Let j be b(-21). Let m(p) = -2*p - 9. Let x be m(-7). What is the greatest common di